. Let p be j(45). Let w(b) = -7*b**2 + 7*b - 1. Let a(q) = -3*q**2 + 3*q - 1. Let f(d) = -9*a(d) + 4*w(d). Give f(p).
-7
Let c(m) = -m + 16. Suppose -h - 1230 = -4*h. Let a = -402 + h. Determine c(a).
8
Let v(a) = a**2 - 16*a - 23. Let x be v(17). Let q(f) be the second derivative of f**4/12 + f**3 + 4*f**2 - 136*f - 1. Calculate q(x).
8
Let t = 5795 - 5794. Let l(r) = r**2 - 8*r + 2. Let x be l(8). Let s(k) = x*k**3 + 6*k**3 - 2 + 1. What is s(t)?
7
Let o(x) = -x + 4*x**2 - 297932 + 3*x - 2*x**2 - x**3 + 297930. Let w = -14 - -18. Calculate o(w).
-26
Suppose 8*p - 24*p = -48. Suppose -p*y + h + 20 = 0, 2*y + y = -3*h + 24. Let z(t) = t**3 - 8 + y + 14. Give z(0).
13
Let m(z) be the first derivative of -z**6/360 - z**5/40 + 5*z**4/24 - 49*z**3/3 - 94. Let b(t) be the third derivative of m(t). Determine b(-5).
-5
Let r = -293 + 295. Let n(x) = 113*x**2 - 4 + 10 - 7 - 113*x**2 + 5*x**3 - r*x. Calculate n(-1).
-4
Let l(d) = 5*d**2 - d - 2. Let b(g) be the first derivative of -g + 56. Let w(s) = -3*b(s) + l(s). Give w(1).
5
Let v(k) = -k**2 - 9*k - 4. Let l(t) = -8*t**2 - 249*t - 43. Let a be l(-31). Give v(a).
-40
Let u(j) = -7*j**3 - 2*j**2 - 31*j - 21. Let p(h) = -h**3 + h**2 - 3*h - 1. Let f(c) = -6*p(c) + u(c). Calculate f(-7).
27
Let d = 4213 + -4212. Let z(b) = 20*b**3 - 2*b**2 + b. Determine z(d).
19
Let a(v) = -v**3 + 4*v**2 - 3*v + 4. Let k = 4 - 1. Let w = -192 - -192. Suppose -k = -x - w*x. Calculate a(x).
4
Suppose 0 = -2*b + 315*y - 316*y - 2, 12 = 2*y. Let o(s) = 2*s**3 + 7*s**2 + 7*s + 10. What is o(b)?
-34
Let x(d) = -d**3 + d**2 - 12*d - 12. Let b(l) = 2*l + 1. Let k(h) = 6*b(h) + x(h). Let y be 9/15 + (-12)/20. Determine k(y).
-6
Let q(z) = 24*z**2 - 123*z - 570. Let x(f) = 29*f**2 - 130*f - 570. Let s(k) = -6*q(k) + 5*x(k). Calculate s(-7).
3
Let b(i) be the third derivative of 0 - 1/120*i**6 - 5/3*i**3 - 4*i**2 + 1/12*i**4 + i + 2/15*i**5. Determine b(8).
6
Let w(j) = 4*j**2 - j - 5. Suppose 0 = -2*a - 2*v + 18, -7*a + 10*a - 7 = 2*v. Determine w(a).
90
Suppose -16*w + w + 105 = 0. Let k(q) = -47 - w*q**2 - 16*q + 51 + 21*q + q**3. Calculate k(6).
-2
Let a(k) = k**3 + 11*k**2 + 16*k - 15. Let c be 195/(-130)*(1 + 6 + -1). Let y be a(c). Let m(s) = -s**3 + 4*s**2 - 5*s + 4. Give m(y).
-2
Let q be -2*((-2 - -1) + 4). Let o = q + 30. Let w be (4/(-12))/(4/o). Let a(m) = m**3 + m**2 + m - 2. Calculate a(w).
-8
Let o(v) = -v**2 + 14*v - 19. Let z be o(13). Let u(i) be the third derivative of i**4/24 - 5*i**3/6 + 574*i**2. Calculate u(z).
-11
Let f(b) = -596 - 115*b + 110*b + 7*b**2 + 608. Give f(3).
60
Let n(s) = -15 + 11*s + 1398*s**3 - 469*s**3 - 465*s**3 + 0*s**2 - 4*s**2 - 463*s**3. Determine n(2).
-1
Let d = 12 - 7. Let b(p) be the second derivative of 5/6*p**3 + 1/3*p**4 + 0 - 1/20*p**5 - 12*p - p**2. Calculate b(d).
-2
Let f(d) = -10*d + 335. Let n(q) = -2*q + 48. Let h(v) = 2*f(v) - 15*n(v). Determine h(5).
0
Suppose -32*g - 32*g - 132 = -76*g. Let l(r) = r**3 - 9*r**2 - 20*r + 16. Determine l(g).
38
Suppose 56*n = 57*n - 3. Let o = 7 + n. Let h(m) = 2*m - 11. Determine h(o).
9
Let b = -30735 - -30732. Let y(m) = -3*m - 3 - m**2 + 0*m - 3. Calculate y(b).
-6
Let y(f) = -f**3 - 9*f**2 - 11*f - 9. Let q = 182 - 148. Let i(x) = -3*x + 94. Let v be i(q). Determine y(v).
15
Let l(q) = -q**3 + 5*q**2 + 10*q - 22. Let o be l(6). Let k(x) = o*x**2 + 337 - 4*x - 332 - 3*x. What is k(4)?
9
Let v(n) be the second derivative of 0 + 6*n**2 - 128*n + 1/6*n**3 - 1/12*n**4. Let x(b) = -b - 5. Let z be x(-5). Determine v(z).
12
Let q = 56 + -66. Let v be (-450)/57 + 11/(1045/q). Let t(h) = -2*h**2 - 17*h - 11. What is t(v)?
-3
Let o = 1 + 5. Let q(n) be the first derivative of -3*n**2/2 + n - 1916. Calculate q(o).
-17
Let g(y) = 12221*y**2 + 12202*y**2 - 24422*y**2 + 3 - 5*y. Let k be (-1 - 1)/((-4)/10). Calculate g(k).
3
Let b(i) = 17*i**2 + 443*i + 32. Let k be b(-26). Let g(p) be the second derivative of p**3/3 - 7*p**2 - p. Calculate g(k).
-2
Let n(l) = 3*l**2 - 3*l + 5. Let j(k) = k - 1. Let t(r) = -3*j(r) - n(r). Suppose -39*q - 5 = -38*q - h, 11 = -5*q + 3*h. Give t(q).
-14
Let w(t) = -63*t + 110. Let u(r) = -22*r + 39. Let a(g) = 17*u(g) - 6*w(g). Give a(-10).
-37
Suppose -b + 22 = -5. Let u = b - 30. Let r(c) = -9*c + 11. Let m(l) = -5*l + 6. Let k(w) = 11*m(w) - 6*r(w). Calculate k(u).
3
Let s be -20*(36/(-8))/(-3). Let a be 5/s + (-201)/(-18). Suppose 3 = 4*g + a. Let r(h) = h + 2. Determine r(g).
0
Let c(o) = -o**2 + 19*o - 27. Let z = -13577 - -13592. Give c(z).
33
Let d(l) = -l**2 + 13*l + 1. Let v be d(7). Let g be 331/9 - (-12)/54. Let j = v - g. Let f(r) = -r**2 + 6*r + 7. Calculate f(j).
7
Let g(v) = 2*v**2 - 3*v + 5. Suppose -10*u - 22*u = u - 66. Calculate g(u).
7
Let c = -2433 + 2434. Let y(l) = 0*l + 13*l + 15*l + 1 - 7*l. Give y(c).
22
Let o(n) be the first derivative of -3/4*n**4 - n + 13 + 1/3*n**3 + 1/2*n**2. Suppose -5*z - 11 = 4*s, -7*s - 19 = z - 2*s. Calculate o(z).
-2
Suppose 2*u - 1150 + 1174 = 0. Let i(b) = 38*b + 19. Let y(c) = -11*c - 6. Let j(s) = -2*i(s) - 7*y(s). Give j(u).
-8
Let s be (-42)/(-24)*((-28)/(-4) - 15). Let a(f) = -f**3 - 14*f**2 + 10. Determine a(s).
10
Suppose 5*r = 4*w - 4, 4 = 5*w - w + 17*r. Let k(y) = -26*y**2 - 4*y + 5. What is k(w)?
-25
Suppose 3*s + 4*b = 141 - 20, -155 = -5*s + 5*b. Let a(c) = 14 - s + 21 - c. Suppose -k - 2 = -1. Determine a(k).
1
Suppose 8*w - 16*w + 134*w = 1638. Let f(o) = -2*o**2 + 26*o - 32. What is f(w)?
-32
Let y be (-4)/22 + (-3363)/(-649). Suppose -g + 5*w - 8 = 9, 0 = -y*g - 3*w + 27. Let t(i) = i + 2. Give t(g).
5
Let d(h) be the third derivative of h**4/4 - 145*h**3/6 + 6*h**2 + 306*h - 2. Determine d(22).
-13
Let n(a) be the third derivative of a**5/60 - a**4/3 - 7*a**3/6 - 7*a**2. Let v be n(9). Let w(l) = -3*l - 1282*l**2 + 1281*l**v + 4*l. Calculate w(1).
0
Let o(w) = w**2 - 4*w - 2. Let y = -1735 + 920. Let a = -819 - y. What is o(a)?
30
Let l(o) be the third derivative of -o**5/30 - 5*o**4/24 + 5*o**3/6 + 2940*o**2. Determine l(-3).
2
Let b be 12 - 3 - (34 - 21). Let h(o) = 3*o**2 + 10*o + 4. Determine h(b).
12
Suppose 0 = 22*w - 41*w + 76. Let u be 0 + (w - 5) - (-7 + 3). Let b(h) = h**3 - 4*h**2 - 1. Give b(u).
-10
Let g be 1692/188 + -4*26/4. Let v(y) = y + 27. What is v(g)?
10
Suppose 0 = 9*z - 41*z + 83*z + 816. Let x(o) = -5*o - 92. What is x(z)?
-12
Let h(z) = z - 8. Let o be h(7). Suppose -1 = 8*s - 17. Let w(q) = -s*q - q + 2*q - 1 + 8*q. Give w(o).
-8
Let p(s) = -3. Let n(y) = -y + 18. Suppose 13 = -5*z + f, -8*z = -9*z - 5*f - 13. Let r(a) = z*p(a) - n(a). Determine r(3).
-6
Let s(o) = -4*o**2 - 1 - 3*o**2 - 3*o**3 + o**2 + 8*o + 2*o**3. Let x be s(-7). Let h(y) = 312 - 623 + y + 322. Calculate h(x).
3
Let y(f) = -f**3 - 9*f**2 + 9*f - 12. Let m(s) be the third derivative of s**6/120 + s**5/3 - 23*s**4/24 - 26*s**3/3 - 86*s**2. Let r be m(-21). What is y(r)?
-2
Let z(i) = -4*i + 1. Let r = -106 + 121. Suppose -5*k - r = -2*k. Calculate z(k).
21
Let j(h) = -h**2 + 32*h**3 - 6*h + 3*h + 12 - 31*h**3 + 5*h**2. Let p(y) = -y**2 - y + 1. Let u(m) = -j(m) + 4*p(m). What is u(-8)?
0
Suppose -6*b = -5*b + 1. Let z be -3 + (6/(-18))/(b/(-9)). Let w(v) = 7*v**3 - 6*v - 1. Let n(m) = -m**3 + m**2 + 1. Let g(i) = z*n(i) - w(i). What is g(-7)?
2
Let g(v) = 16 - v**2 - 43*v + 14 - 40*v + 14 + 82*v. Determine g(0).
44
Let a(h) = 35*h**3 - 36*h**3 - 3 - 4*h**2 - 20*h - 10*h**2 + h**2. Determine a(-11).
-25
Suppose -1 = -y - w, -96*y + 7 = -94*y - 3*w. Let k(g) be the first derivative of 14 - g**y + 2*g + 1/3*g**3. What is k(4)?
10
Let l(y) = y**2 + 10*y + 2. Let u = 93 - 69. Let h be (112/u)/7 + (-29)/3. What is l(h)?
-7
Let p(w) be the second derivative of -w**4/12 + w**3/6 + 18*w**2 + 1918*w. Calculate p(0).
36
Suppose -25 - 123 = -2*r + 4*i, -4*r + 2*i + 314 = 0. Suppose 79*c - 83*c = -r. Let p(d) = 2*d - 37. Calculate p(c).
3
Suppose 0 = 4*x + l + 22, -5*x - 21 = 5*l - 1. Let z(t) be the second derivative of t**4/12 + 5*t**3/6 - 6*t**2 - 23*t. Give z(x).
-6
Let x(z) be the third derivative of -1/60*z**5 + 78 + 3/8*z**4 - 1/3*z**3 + z**2 + 0*z. Give x(9).
-2
Let a(t) = t - 3*t - 3 + 5*t**3 + 2. Let f(z) = 6*z + 42. Let y be f(-31). Let m be 8/(-18) + 80/y. What is a(m)?
-4
Let a(l) be the second derivative of l**5/20 - 7*l**4/12 + l**3 + 7*l*